{"id":106,"date":"2022-06-25T16:09:02","date_gmt":"2022-06-25T16:09:02","guid":{"rendered":"https:\/\/nowa.mogielnica.pl\/?page_id=106"},"modified":"2022-06-25T16:12:50","modified_gmt":"2022-06-25T16:12:50","slug":"kontakt","status":"publish","type":"page","link":"https:\/\/nowa.mogielnica.pl\/?page_id=106","title":{"rendered":"KONTAKT"},"content":{"rendered":"\n<p class=\"has-medium-font-size\"><strong>Urz\u0105d Gminy i Miasta w Mogielnicy<\/strong><br><br>ul. Rynek 1<br>05-640 Mogielnica<br>woj. mazowieckie, pow. gr\u00f3jecki<br><br>Telefon:&nbsp;+48 (48) 66-35-149&nbsp;<\/p>\n\n\n\n<p class=\"has-medium-font-size\">&nbsp; &nbsp; &nbsp; &nbsp; &nbsp; &nbsp; &nbsp;+48 (48) 66-35-263&nbsp;<br><br>E-mail:&nbsp;<a href=\"mailto:gmina@mogielnica.pl\">gmina@mogielnica.pl<\/a><\/p>\n\n\n\n<p class=\"has-medium-font-size\"><strong>Lista numer\u00f3w&nbsp;wewn\u0119trznych&nbsp;w UGiM Mogielnica:<\/strong><\/p>\n\n\n\n<p class=\"has-medium-font-size\"><strong>Burmistrz Gminy i Miasta Mogielnica<\/strong>&nbsp;&#8211; 22<\/p>\n\n\n\n<p class=\"has-medium-font-size\"><strong>Sekretarz Gminy i Zast\u0119pca Burmistrza&nbsp;<\/strong>&#8211; 21<\/p>\n\n\n\n<p class=\"has-medium-font-size\"><strong>Referat Og\u00f3lno &#8211; Organizacyjny i O\u015bwiaty:<\/strong><\/p>\n\n\n\n<p class=\"has-medium-font-size\">Sekretariat &#8211; 20<\/p>\n\n\n\n<p class=\"has-medium-font-size\">O\u015bwiata &#8211;&nbsp;28<\/p>\n\n\n\n<p class=\"has-medium-font-size\">Kadry&nbsp;&#8211; 45<\/p>\n\n\n\n<p class=\"has-medium-font-size\"><strong>Referat Gospodarki, Nieruchomo\u015bci i Ochrony \u015arodowiska:<\/strong><\/p>\n\n\n\n<p class=\"has-medium-font-size\">Drogi i o\u015bwietlenie uliczne,&nbsp;OSP, szacowanie szk\u00f3d&nbsp;&#8211; 35<\/p>\n\n\n\n<p class=\"has-medium-font-size\">Gospodarka Gruntami &#8211; 36<\/p>\n\n\n\n<p class=\"has-medium-font-size\">Dzia\u0142alno\u015b\u0107 Gospodarcza &#8211; 37<\/p>\n\n\n\n<p class=\"has-medium-font-size\"><strong>Referat Finansowo &#8211; Bud\u017cetowy:<\/strong><\/p>\n\n\n\n<p class=\"has-medium-font-size\">Ksi\u0119gowo\u015b\u0107 &#8211; 23<\/p>\n\n\n\n<p class=\"has-medium-font-size\">Skarbnik Gminy &#8211; 24<\/p>\n\n\n\n<p class=\"has-medium-font-size\">Podatki &#8211; 25, 26<\/p>\n\n\n\n<p class=\"has-medium-font-size\">Gospodarka Odpadami &#8211; 43<\/p>\n\n\n\n<p class=\"has-medium-font-size\"><strong>Referat Spraw Obywatelskich &#8211; Urz\u0105d Stanu Cywilnego:<\/strong><\/p>\n\n\n\n<p class=\"has-medium-font-size\">Urz\u0105d Stanu Cywilnego &#8211; 27<\/p>\n\n\n\n<p class=\"has-medium-font-size\">Ewidencja Ludno\u015bci &#8211; 34<\/p>\n\n\n\n<p class=\"has-medium-font-size\"><strong>Referat Biura Rady Miejskiej:<\/strong><\/p>\n\n\n\n<p class=\"has-medium-font-size\">Kierownik Biura&nbsp;Rady &#8211; 41<\/p>\n\n\n\n<p class=\"has-medium-font-size\">Przewodnicz\u0105cy Rady &#8211; 48<\/p>\n\n\n\n<p class=\"has-medium-font-size\"><strong>Referat&nbsp;Inwestycji i Remont\u00f3w<\/strong>&nbsp;&#8211; 30<\/p>\n\n\n\n<p class=\"has-medium-font-size\"><strong>Miejsko-Gminny O\u015brodek Pomocy Spo\u0142ecznej<\/strong>&nbsp;&#8211; 44&nbsp;<\/p>\n\n\n\n<p class=\"has-medium-font-size\">Dyrektor MGOPS &#8211; 32<\/p>\n\n\n\n<p class=\"has-medium-font-size\">\u015awiadczenia Rodzinne &#8211; 33<\/p>\n\n\n\n<p class=\"has-medium-font-size\">500+, dodatki mieskaniowe &#8211; 47<\/p>\n\n\n\n<p class=\"has-medium-font-size\"><strong>Miejsko-Gminny O\u015brodek Kultury i Biblioteka Samorz\u0105dowa:<\/strong><\/p>\n\n\n\n<p class=\"has-medium-font-size\">Dyrektor MGOKiBS &#8211; 42<\/p>\n\n\n\n<p class=\"has-medium-font-size\">Miejsko &#8211; Gminny O\u015brodek Kultury &#8211; 49<\/p>\n\n\n\n<p class=\"has-medium-font-size\">Biblioteka Samorz\u0105dowa &#8211; 40<\/p>\n\n\n\n<p class=\"has-medium-font-size\"><strong>Stanowisko ds. Budownictwa i Planowania Przestrzennego<\/strong>&nbsp;&#8211; 29<\/p>\n","protected":false},"excerpt":{"rendered":"<div class=\"mh-excerpt\"><p>Urz\u0105d Gminy i Miasta w Mogielnicy ul. Rynek 105-640 Mogielnicawoj. mazowieckie, pow. gr\u00f3jecki Telefon:&nbsp;+48 (48) 66-35-149&nbsp; &nbsp; &nbsp; &nbsp; &nbsp; &nbsp; &nbsp; &nbsp;+48 (48) 66-35-263&nbsp; E-mail:&nbsp;gmina@mogielnica.pl Lista numer\u00f3w&nbsp;wewn\u0119trznych&nbsp;w UGiM Mogielnica: Burmistrz Gminy i Miasta Mogielnica&nbsp;&#8211; <a class=\"mh-excerpt-more\" href=\"https:\/\/nowa.mogielnica.pl\/?page_id=106\" title=\"KONTAKT\">[&#8230;]<\/a><\/p>\n<\/div>","protected":false},"author":1,"featured_media":0,"parent":0,"menu_order":0,"comment_status":"closed","ping_status":"closed","template":"template-authors.php","meta":{"footnotes":""},"class_list":["post-106","page","type-page","status-publish"],"_links":{"self":[{"href":"https:\/\/nowa.mogielnica.pl\/index.php?rest_route=\/wp\/v2\/pages\/106","targetHints":{"allow":["GET"]}}],"collection":[{"href":"https:\/\/nowa.mogielnica.pl\/index.php?rest_route=\/wp\/v2\/pages"}],"about":[{"href":"https:\/\/nowa.mogielnica.pl\/index.php?rest_route=\/wp\/v2\/types\/page"}],"author":[{"embeddable":true,"href":"https:\/\/nowa.mogielnica.pl\/index.php?rest_route=\/wp\/v2\/users\/1"}],"replies":[{"embeddable":true,"href":"https:\/\/nowa.mogielnica.pl\/index.php?rest_route=%2Fwp%2Fv2%2Fcomments&post=106"}],"version-history":[{"count":1,"href":"https:\/\/nowa.mogielnica.pl\/index.php?rest_route=\/wp\/v2\/pages\/106\/revisions"}],"predecessor-version":[{"id":107,"href":"https:\/\/nowa.mogielnica.pl\/index.php?rest_route=\/wp\/v2\/pages\/106\/revisions\/107"}],"wp:attachment":[{"href":"https:\/\/nowa.mogielnica.pl\/index.php?rest_route=%2Fwp%2Fv2%2Fmedia&parent=106"}],"curies":[{"name":"wp","href":"https:\/\/api.w.org\/{rel}","templated":true}]}}

<p class="has-medium-font-size"><strong>Urząd Gminy i Miasta w Mogielnicy</strong><br><br>ul. Rynek 1<br>05-640 Mogielnica<br>woj. mazowieckie, pow. grójecki<br><br>Telefon:&nbsp;+48 (48) 66-35-149&nbsp;</p>



<p class="has-medium-font-size">&nbsp; &nbsp; &nbsp; &nbsp; &nbsp; &nbsp; &nbsp;+48 (48) 66-35-263&nbsp;<br><br>E-mail:&nbsp;<a href="mailto:gmina@mogielnica.pl">gmina@mogielnica.pl</a></p>



<p class="has-medium-font-size"><strong>Lista numerów&nbsp;wewnętrznych&nbsp;w UGiM Mogielnica:</strong></p>



<p class="has-medium-font-size"><strong>Burmistrz Gminy i Miasta Mogielnica</strong>&nbsp;&#8211; 22</p>



<p class="has-medium-font-size"><strong>Sekretarz Gminy i Zastępca Burmistrza&nbsp;</strong>&#8211; 21</p>



<p class="has-medium-font-size"><strong>Referat Ogólno &#8211; Organizacyjny i Oświaty:</strong></p>



<p class="has-medium-font-size">Sekretariat &#8211; 20</p>



<p class="has-medium-font-size">Oświata &#8211;&nbsp;28</p>



<p class="has-medium-font-size">Kadry&nbsp;&#8211; 45</p>



<p class="has-medium-font-size"><strong>Referat Gospodarki, Nieruchomości i Ochrony Środowiska:</strong></p>



<p class="has-medium-font-size">Drogi i oświetlenie uliczne,&nbsp;OSP, szacowanie szkód&nbsp;&#8211; 35</p>



<p class="has-medium-font-size">Gospodarka Gruntami &#8211; 36</p>



<p class="has-medium-font-size">Działalność Gospodarcza &#8211; 37</p>



<p class="has-medium-font-size"><strong>Referat Finansowo &#8211; Budżetowy:</strong></p>



<p class="has-medium-font-size">Księgowość &#8211; 23</p>



<p class="has-medium-font-size">Skarbnik Gminy &#8211; 24</p>



<p class="has-medium-font-size">Podatki &#8211; 25, 26</p>



<p class="has-medium-font-size">Gospodarka Odpadami &#8211; 43</p>



<p class="has-medium-font-size"><strong>Referat Spraw Obywatelskich &#8211; Urząd Stanu Cywilnego:</strong></p>



<p class="has-medium-font-size">Urząd Stanu Cywilnego &#8211; 27</p>



<p class="has-medium-font-size">Ewidencja Ludności &#8211; 34</p>



<p class="has-medium-font-size"><strong>Referat Biura Rady Miejskiej:</strong></p>



<p class="has-medium-font-size">Kierownik Biura&nbsp;Rady &#8211; 41</p>



<p class="has-medium-font-size">Przewodniczący Rady &#8211; 48</p>



<p class="has-medium-font-size"><strong>Referat&nbsp;Inwestycji i Remontów</strong>&nbsp;&#8211; 30</p>



<p class="has-medium-font-size"><strong>Miejsko-Gminny Ośrodek Pomocy Społecznej</strong>&nbsp;&#8211; 44&nbsp;</p>



<p class="has-medium-font-size">Dyrektor MGOPS &#8211; 32</p>



<p class="has-medium-font-size">Świadczenia Rodzinne &#8211; 33</p>



<p class="has-medium-font-size">500+, dodatki mieskaniowe &#8211; 47</p>



<p class="has-medium-font-size"><strong>Miejsko-Gminny Ośrodek Kultury i Biblioteka Samorządowa:</strong></p>



<p class="has-medium-font-size">Dyrektor MGOKiBS &#8211; 42</p>



<p class="has-medium-font-size">Miejsko &#8211; Gminny Ośrodek Kultury &#8211; 49</p>



<p class="has-medium-font-size">Biblioteka Samorządowa &#8211; 40</p>



<p class="has-medium-font-size"><strong>Stanowisko ds. Budownictwa i Planowania Przestrzennego</strong>&nbsp;&#8211; 29</p>

<div class="mh-excerpt"><p>Urząd Gminy i Miasta w Mogielnicy ul. Rynek 105-640 Mogielnicawoj. mazowieckie, pow. grójecki Telefon:&nbsp;+48 (48) 66-35-149&nbsp; &nbsp; &nbsp; &nbsp; &nbsp; &nbsp; &nbsp; &nbsp;+48 (48) 66-35-263&nbsp; E-mail:&nbsp;gmina@mogielnica.pl Lista numerów&nbsp;wewnętrznych&nbsp;w UGiM Mogielnica: Burmistrz Gminy i Miasta Mogielnica&nbsp;&#8211; <a class="mh-excerpt-more" href="https://nowa.mogielnica.pl/?page_id=106" title="KONTAKT">[&#8230;]</a></p>
</div>
